{"id":692,"date":"2021-02-04T16:28:56","date_gmt":"2021-02-04T16:28:56","guid":{"rendered":"https:\/\/cleanlabcolombia.com\/producto\/sellador-autobrillante-para-pisos-limplux\/"},"modified":"2023-08-23T23:42:02","modified_gmt":"2023-08-23T23:42:02","slug":"sellador-autobrillante-para-pisos-limplux","status":"publish","type":"product","link":"https:\/\/cleanlabcolombia.com\/?product=sellador-autobrillante-para-pisos-limplux","title":{"rendered":"Sellador Autobrillante para Pisos Limplux"},"content":{"rendered":"","protected":false},"excerpt":{"rendered":"<p>Mezcla de pol\u00edmeros, acr\u00edlicos que proporcionan protecci\u00f3n a los pisos dejando una pel\u00edcula duradera y resistente a rayones. Desarrollado para prolongar el brillo en los pisos con propiedades antideslizantes. Posee una mayor concentraci\u00f3n de pol\u00edmeros que protegen mejor la superficie dejando una pel\u00edcula uniforme.<\/p>\n<p><strong>\u00daselo en: <\/strong>Madera, baldosas, vinilo, m\u00e1rmol.<\/p>\n","protected":false},"featured_media":1500,"comment_status":"closed","ping_status":"closed","template":"","meta":{"_joinchat":[]},"product_cat":[34],"product_tag":[],"_links":{"self":[{"href":"https:\/\/cleanlabcolombia.com\/index.php?rest_route=\/wp\/v2\/product\/692"}],"collection":[{"href":"https:\/\/cleanlabcolombia.com\/index.php?rest_route=\/wp\/v2\/product"}],"about":[{"href":"https:\/\/cleanlabcolombia.com\/index.php?rest_route=\/wp\/v2\/types\/product"}],"replies":[{"embeddable":true,"href":"https:\/\/cleanlabcolombia.com\/index.php?rest_route=%2Fwp%2Fv2%2Fcomments&post=692"}],"version-history":[{"count":2,"href":"https:\/\/cleanlabcolombia.com\/index.php?rest_route=\/wp\/v2\/product\/692\/revisions"}],"predecessor-version":[{"id":1328,"href":"https:\/\/cleanlabcolombia.com\/index.php?rest_route=\/wp\/v2\/product\/692\/revisions\/1328"}],"wp:featuredmedia":[{"embeddable":true,"href":"https:\/\/cleanlabcolombia.com\/index.php?rest_route=\/wp\/v2\/media\/1500"}],"wp:attachment":[{"href":"https:\/\/cleanlabcolombia.com\/index.php?rest_route=%2Fwp%2Fv2%2Fmedia&parent=692"}],"wp:term":[{"taxonomy":"product_cat","embeddable":true,"href":"https:\/\/cleanlabcolombia.com\/index.php?rest_route=%2Fwp%2Fv2%2Fproduct_cat&post=692"},{"taxonomy":"product_tag","embeddable":true,"href":"https:\/\/cleanlabcolombia.com\/index.php?rest_route=%2Fwp%2Fv2%2Fproduct_tag&post=692"}],"curies":[{"name":"wp","href":"https:\/\/api.w.org\/{rel}","templated":true}]}}